{"id":343,"date":"2023-01-10T11:18:52","date_gmt":"2023-01-10T11:18:52","guid":{"rendered":"http:\/\/bigbox.net.br\/?post_type=product&#038;p=343"},"modified":"2025-05-22T18:47:56","modified_gmt":"2025-05-22T18:47:56","slug":"estrado-plastico-modelo-com-45-x-400-x-400mm","status":"publish","type":"product","link":"https:\/\/bigbox.net.br\/index.php\/product\/estrado-plastico-modelo-com-45-x-400-x-400mm\/","title":{"rendered":"Estrado Modular 400x400x45mm: 10 Ton\/m\u00b2"},"content":{"rendered":"<hr data-sourcepos=\"1:1-1:3\" \/>\n<h2 data-sourcepos=\"3:1-3:57\">Estrado Modular 400x400x45mm: Base Robusta e Adapt\u00e1vel<\/h2>\n<p data-sourcepos=\"5:1-5:328\">O <strong>Estrado Modular 400x400x45mm<\/strong> da Big Box Pl\u00e1sticos \u00e9 a escolha ideal para quem busca uma base s\u00f3lida e flex\u00edvel. Fabricado em Polietileno de Alta Densidade (PEAD) ou Polipropileno (PP), ele garante resist\u00eancia e durabilidade para diversas aplica\u00e7\u00f5es. Assim, este estrado \u00e9 perfeito para pisos, estoques e \u00e1reas industriais.<\/p>\n<h3 data-sourcepos=\"7:1-7:38\">Alta Capacidade e Montagem Simples<\/h3>\n<p data-sourcepos=\"9:1-9:485\">Este estrado modular \u00e9 injetado com materiais de alta qualidade, garantindo uma impressionante capacidade de 10 Ton\/m\u00b2. Isso o torna extremamente resistente e dur\u00e1vel, capaz de suportar cargas pesadas. A montagem \u00e9 muito simples, pelo sistema de encaixe macho-f\u00eamea. Isso permite que os estrados sejam conectados lado a lado, cobrindo a \u00e1rea desejada de forma r\u00e1pida e eficiente. A <strong>Estrado Modular 400x400x45mm<\/strong> oferece uma solu\u00e7\u00e3o pr\u00e1tica para criar superf\u00edcies elevadas e seguras.<\/p>\n<h3 data-sourcepos=\"11:1-11:42\">Versatilidade para M\u00faltiplos Ambientes<\/h3>\n<p data-sourcepos=\"13:1-13:318\">Dispon\u00edvel nas cores branca, preta e natural, este estrado se adapta a diferentes necessidades e est\u00e9ticas. Ele \u00e9 ideal para uma variedade de locais, como estoques, pisos em vesti\u00e1rios, academias, e at\u00e9 mesmo em c\u00e2maras frias. Sua capacidade de isolamento e resist\u00eancia \u00e0 umidade o tornam uma op\u00e7\u00e3o segura e higi\u00eanica.<\/p>\n<h4 data-sourcepos=\"15:1-15:37\">Dimens\u00f5es e Materiais Essenciais<\/h4>\n<p data-sourcepos=\"17:1-17:50\">Confira as dimens\u00f5es exatas para planejar seu uso:<\/p>\n<ul data-sourcepos=\"19:1-22:0\">\n<li data-sourcepos=\"19:1-19:74\"><strong>Dimens\u00f5es:<\/strong> 400 mm (comprimento) x 400 mm (largura) x 45 mm (altura).<\/li>\n<li data-sourcepos=\"20:1-20:75\"><strong>Material:<\/strong> Polipropileno (PP) ou Polietileno de Alta Densidade (PEAD).<\/li>\n<li data-sourcepos=\"21:1-22:0\"><strong>Capacidade:<\/strong> 10 Ton\/m\u00b2.<\/li>\n<\/ul>\n<p data-sourcepos=\"23:1-23:145\">Invista no <strong>Estrado Modular 400x400x45mm<\/strong> da Big Box Pl\u00e1sticos e garanta uma base segura, higi\u00eanica e altamente resistente para suas opera\u00e7\u00f5es.<\/p>\n<p data-sourcepos=\"23:1-23:145\">REF: 25277<\/p>\n<p data-sourcepos=\"41:1-41:93\">Acompanhe a <a href=\"https:\/\/bigbox.net.br\/index.php\/produtos\/\">BIG BOX PL\u00c1STICOS<\/a> nas redes sociais e descubra conte\u00fados exclusivos e novidades!<\/p>\n<p data-sourcepos=\"41:1-41:93\"><a href=\"https:\/\/www.facebook.com\/bigboxplasticos\/\"><img decoding=\"async\" class=\"alignnone wp-image-1993 size-full\" src=\"https:\/\/bigbox.net.br\/wp-content\/uploads\/2023\/10\/facebook.png\" alt=\"\" width=\"32\" height=\"32\" \/><\/a> \u00a0<a href=\"https:\/\/www.instagram.com\/bigboxplasticos\/\"><img decoding=\"async\" class=\"alignnone wp-image-1994 size-full\" src=\"https:\/\/bigbox.net.br\/wp-content\/uploads\/2023\/10\/instagram.png\" alt=\"\" width=\"32\" height=\"32\" \/><\/a><\/p>\n<p>&nbsp;<\/p>\n<p>&nbsp;<\/p>\n","protected":false},"excerpt":{"rendered":"<h6>Dimens\u00f5es (mm):400x400x45<\/h6>\n","protected":false},"featured_media":451,"comment_status":"open","ping_status":"closed","template":"","meta":{"_joinchat":[]},"product_brand":[],"product_cat":[28],"product_tag":[],"class_list":{"0":"post-343","1":"product","2":"type-product","3":"status-publish","4":"has-post-thumbnail","6":"product_cat-estrados-plasticos","8":"first","9":"instock","10":"shipping-taxable","11":"product-type-simple"},"aioseo_notices":[],"_links":{"self":[{"href":"https:\/\/bigbox.net.br\/index.php\/wp-json\/wp\/v2\/product\/343","targetHints":{"allow":["GET"]}}],"collection":[{"href":"https:\/\/bigbox.net.br\/index.php\/wp-json\/wp\/v2\/product"}],"about":[{"href":"https:\/\/bigbox.net.br\/index.php\/wp-json\/wp\/v2\/types\/product"}],"replies":[{"embeddable":true,"href":"https:\/\/bigbox.net.br\/index.php\/wp-json\/wp\/v2\/comments?post=343"}],"version-history":[{"count":7,"href":"https:\/\/bigbox.net.br\/index.php\/wp-json\/wp\/v2\/product\/343\/revisions"}],"predecessor-version":[{"id":2433,"href":"https:\/\/bigbox.net.br\/index.php\/wp-json\/wp\/v2\/product\/343\/revisions\/2433"}],"wp:featuredmedia":[{"embeddable":true,"href":"https:\/\/bigbox.net.br\/index.php\/wp-json\/wp\/v2\/media\/451"}],"wp:attachment":[{"href":"https:\/\/bigbox.net.br\/index.php\/wp-json\/wp\/v2\/media?parent=343"}],"wp:term":[{"taxonomy":"product_brand","embeddable":true,"href":"https:\/\/bigbox.net.br\/index.php\/wp-json\/wp\/v2\/product_brand?post=343"},{"taxonomy":"product_cat","embeddable":true,"href":"https:\/\/bigbox.net.br\/index.php\/wp-json\/wp\/v2\/product_cat?post=343"},{"taxonomy":"product_tag","embeddable":true,"href":"https:\/\/bigbox.net.br\/index.php\/wp-json\/wp\/v2\/product_tag?post=343"}],"curies":[{"name":"wp","href":"https:\/\/api.w.org\/{rel}","templated":true}]}}