{"id":469,"date":"2023-01-10T11:20:51","date_gmt":"2023-01-10T11:20:51","guid":{"rendered":"http:\/\/bigbox.net.br\/?post_type=product&#038;p=469"},"modified":"2025-05-21T15:32:38","modified_gmt":"2025-05-21T15:32:38","slug":"carro-cuba-de-plastico-430-litros","status":"publish","type":"product","link":"https:\/\/bigbox.net.br\/index.php\/product\/carro-cuba-de-plastico-430-litros\/","title":{"rendered":"Carro Cuba 430 Litros: PEAD\/PEMD Industrial"},"content":{"rendered":"<h2 data-sourcepos=\"5:1-5:53\">Carro Cuba 430 Litros: Robustez para Sua Ind\u00fastria<\/h2>\n<p data-sourcepos=\"7:1-7:372\">O <strong>Carro Cuba 430 Litros<\/strong> da Big Box Pl\u00e1sticos \u00e9 a solu\u00e7\u00e3o ideal para o transporte e armazenamento de materiais em ambientes industriais. Fabricado com Polietileno de Alta Densidade (PEAD) ou Polietileno de M\u00e9dia Densidade (PEMD), ele garante m\u00e1xima seguran\u00e7a e confiabilidade. Assim, voc\u00ea ter\u00e1 um equipamento de alta qualidade, resistente e dur\u00e1vel para suas opera\u00e7\u00f5es.<\/p>\n<h3 data-sourcepos=\"9:1-9:43\">Alta Qualidade e Resist\u00eancia Comprovada<\/h3>\n<p data-sourcepos=\"11:1-11:548\">Este carro cuba foi feito para suportar o uso intenso. Ele \u00e9 resistente a impactos e \u00e0 tra\u00e7\u00e3o, o que o torna ideal para ambientes exigentes. Al\u00e9m disso, a <strong>Carro Cuba 430 Litros<\/strong> possui prote\u00e7\u00e3o contra raios ultravioleta (UV). Conta com um aditivo extra antioxidante que garante n\u00edveis de prote\u00e7\u00e3o classe 8 \u2013 UV 8, de acordo com a American Society for Testing and Materials (ASTM). Isso significa que o produto mant\u00e9m suas caracter\u00edsticas mesmo sob exposi\u00e7\u00e3o ao sol. Sua conformidade com a norma EN840 refor\u00e7a a qualidade e seguran\u00e7a do material.<\/p>\n<h3 data-sourcepos=\"13:1-13:43\">Estrutura Met\u00e1lica para Maior Seguran\u00e7a<\/h3>\n<p data-sourcepos=\"15:1-15:233\">A estrutura met\u00e1lica integrada confere ao carro cuba uma durabilidade ainda maior. Ela oferece estabilidade e suporte para o volume de 430 litros, assegurando que o transporte de seus materiais seja feito de forma segura e eficiente.<\/p>\n<h4 data-sourcepos=\"17:1-17:35\">Dimens\u00f5es e Material Essencial<\/h4>\n<ul data-sourcepos=\"19:1-25:0\">\n<li data-sourcepos=\"19:1-19:94\"><strong>Material:<\/strong> Polietileno de Alta Densidade (PEAD) ou Polietileno de M\u00e9dia Densidade (PEMD).<\/li>\n<li data-sourcepos=\"20:1-20:29\"><strong>Capacidade:<\/strong> 430 litros.<\/li>\n<li data-sourcepos=\"21:1-25:0\"><strong>Dimens\u00f5es:<\/strong>\n<ul data-sourcepos=\"22:5-25:0\">\n<li data-sourcepos=\"22:5-22:21\">Largura: 855 mm<\/li>\n<li data-sourcepos=\"23:5-23:21\">Altura: 1055 mm<\/li>\n<li data-sourcepos=\"24:5-25:0\">Comprimento: 1180 mm<\/li>\n<\/ul>\n<\/li>\n<\/ul>\n<p data-sourcepos=\"26:1-26:222\">O <strong>Carro Cuba 430 Litros<\/strong> \u00e9 a escolha inteligente para ind\u00fastrias que precisam de um equipamento robusto, seguro e com alta capacidade. Invista na qualidade e efici\u00eancia da Big Box Pl\u00e1sticos para otimizar suas opera\u00e7\u00f5es.<\/p>\n<p data-sourcepos=\"26:1-26:222\">REF: 25367<\/p>\n<p data-sourcepos=\"41:1-41:93\">Acompanhe a <a href=\"https:\/\/bigbox.net.br\/index.php\/produtos\/\">BIG BOX PL\u00c1STICOS<\/a> nas redes sociais e descubra conte\u00fados exclusivos e novidades!<\/p>\n<p data-sourcepos=\"41:1-41:93\"><a href=\"https:\/\/www.facebook.com\/bigboxplasticos\/\"><img decoding=\"async\" class=\"alignnone wp-image-1993 size-full\" src=\"https:\/\/bigbox.net.br\/wp-content\/uploads\/2023\/10\/facebook.png\" alt=\"\" width=\"32\" height=\"32\" \/><\/a> \u00a0<a href=\"https:\/\/www.instagram.com\/bigboxplasticos\/\"><img decoding=\"async\" class=\"alignnone wp-image-1994 size-full\" src=\"https:\/\/bigbox.net.br\/wp-content\/uploads\/2023\/10\/instagram.png\" alt=\"\" width=\"32\" height=\"32\" \/><\/a><\/p>\n<p>&nbsp;<\/p>\n<p>&nbsp;<\/p>\n","protected":false},"excerpt":{"rendered":"<h6><strong>Capacidade<\/strong>: 430 litros<br \/>\n<strong>Dimens\u00f5es (mm)<\/strong>: 1180x830x1028<\/h6>\n","protected":false},"featured_media":547,"comment_status":"closed","ping_status":"closed","template":"","meta":{"_joinchat":[]},"product_brand":[],"product_cat":[22],"product_tag":[],"class_list":{"0":"post-469","1":"product","2":"type-product","3":"status-publish","4":"has-post-thumbnail","6":"product_cat-lixeiras","8":"first","9":"instock","10":"shipping-taxable","11":"product-type-simple"},"aioseo_notices":[],"_links":{"self":[{"href":"https:\/\/bigbox.net.br\/index.php\/wp-json\/wp\/v2\/product\/469","targetHints":{"allow":["GET"]}}],"collection":[{"href":"https:\/\/bigbox.net.br\/index.php\/wp-json\/wp\/v2\/product"}],"about":[{"href":"https:\/\/bigbox.net.br\/index.php\/wp-json\/wp\/v2\/types\/product"}],"replies":[{"embeddable":true,"href":"https:\/\/bigbox.net.br\/index.php\/wp-json\/wp\/v2\/comments?post=469"}],"version-history":[{"count":6,"href":"https:\/\/bigbox.net.br\/index.php\/wp-json\/wp\/v2\/product\/469\/revisions"}],"predecessor-version":[{"id":2363,"href":"https:\/\/bigbox.net.br\/index.php\/wp-json\/wp\/v2\/product\/469\/revisions\/2363"}],"wp:featuredmedia":[{"embeddable":true,"href":"https:\/\/bigbox.net.br\/index.php\/wp-json\/wp\/v2\/media\/547"}],"wp:attachment":[{"href":"https:\/\/bigbox.net.br\/index.php\/wp-json\/wp\/v2\/media?parent=469"}],"wp:term":[{"taxonomy":"product_brand","embeddable":true,"href":"https:\/\/bigbox.net.br\/index.php\/wp-json\/wp\/v2\/product_brand?post=469"},{"taxonomy":"product_cat","embeddable":true,"href":"https:\/\/bigbox.net.br\/index.php\/wp-json\/wp\/v2\/product_cat?post=469"},{"taxonomy":"product_tag","embeddable":true,"href":"https:\/\/bigbox.net.br\/index.php\/wp-json\/wp\/v2\/product_tag?post=469"}],"curies":[{"name":"wp","href":"https:\/\/api.w.org\/{rel}","templated":true}]}}